y) = -3*y**2 - 2*y - 1. What is o(c)?
-2
Let z be ((-12)/(-8))/(3/4). Let r(c) = -z*c**3 - 9 + 5 - 3*c**2 - c + 3*c**3. Calculate r(4).
8
Let r(a) be the second derivative of -a**5/20 + 5*a**4/12 - a**3/3 + 3*a**2/2 - 6*a. Calculate r(5).
-7
Suppose 3*f = -5*h - 4, -h + 5*h + 3*f + 2 = 0. Let n(x) = 2*x**3 + 2*x**2 - 2*x - 2. Calculate n(h).
-6
Let z(o) be the third derivative of o**5/60 - 7*o**4/24 + o**3/3 - 36*o**2. Calculate z(8).
10
Let t(s) = -s**2. Suppose 2 = -3*i + 14. Suppose 0 = r - 3*r + 4*b - 2, i*b - 4 = 0. Calculate t(r).
-1
Suppose -20 = -30*f + 34*f. Let d(s) = 2*s - 4. What is d(f)?
-14
Let x(c) = -5*c**3 + 11*c + 2. Let v(k) = 4*k**3 - k**2 - 10*k - 2. Let r(a) = -6*v(a) - 5*x(a). Suppose -4*s + 13 = 33. Calculate r(s).
2
Suppose 3*x + f - 6 = 6, 0 = 3*x + 2*f - 15. Let k(g) = -3*g + 3. Calculate k(x).
-6
Let i(u) be the third derivative of u**6/120 - u**5/15 - 7*u**4/24 + 5*u**3/6 + 26*u**2. Calculate i(5).
-5
Suppose 3*q = 5*q - 4. Let w(n) = -3*n - 2. Give w(q).
-8
Let o be (-1 + -4)/(10 + -11). Let x(t) = -t - 3. Let c(z) = -1 + 4 - 4. Let j(g) = -4*c(g) + x(g). Calculate j(o).
-4
Let p be (-6)/(-2) - (6/1)/1. Let v(o) = -o - 9. Let b(u) = -u - 8. Let w(i) = -3*b(i) + 2*v(i). Calculate w(p).
3
Let c(y) = -y**3 - y**2 - 1. Let z(g) = 6*g**3 - 6*g**2 - 2*g - 6. Let n(k) = -5*c(k) + z(k). Calculate n(-1).
-11
Let m(y) = y**2. Let o(l) = -5*l**2 + 5*l - 1. Let s(z) = 4*m(z) + o(z). Let a be 4/1 - (4 + -5). Calculate s(a).
-1
Let f = 53/98 - 2/49. Let b(h) be the third derivative of 0 + 2*h**2 - f*h**3 + 0*h + 1/60*h**5 - 1/6*h**4. Calculate b(5).
2
Let f(q) = -q**2 + 3*q + 1. Let d be 6/(2*-1 + 1). Let n = 8 + -11. Let t = n - d. Calculate f(t).
1
Let u(x) = -x**3 - 5*x**2 - 5*x - 3. Let d be (-1)/(1/(-2)) + -2. Suppose -5*r = -d*r + 10. Let i be (r - -1 - 2)*1. Determine u(i).
-6
Let h(t) = 2*t - 3. Let k(m) = -m. Suppose -r + 9 = -3*v, -4*r + r - v = -17. Let g(j) = r*k(j) + h(j). Determine g(-2).
5
Let g(x) = x + 11. Let a be g(-6). Suppose 0 = -3*q - 3*o, -3*q = -5*q + a*o + 28. Let t(r) = -r + 8. Calculate t(q).
4
Let f(v) = v**2 - 8*v + 9. Let l be f(7). Suppose -3 = p + l*p. Let r(a) = 9*a**3 + 2*a**2 + 2*a + 1. Calculate r(p).
-8
Let o be 3 - (-3)/((-9)/3). Let x(g) = -3 + g**3 - 10*g**2 + 3*g**2 + 5*g + 2*g**2 - o. Give x(4).
-1
Let r(p) = -4*p**2 + 4*p - 4. Let k(u) = u**2 + u + 1. Let v(l) = 3*k(l) + r(l). What is v(6)?
5
Let l be 2*7*1/2. Let s(o) be the first derivative of -o**4/4 + 2*o**3 + 4*o**2 - o - 94. Calculate s(l).
6
Let u(z) = -z**2 + 6*z - 7. Let l(f) = -f + 11. Let c be l(6). Determine u(c).
-2
Let h(l) be the second derivative of 0*l**2 - 1/3*l**4 + 1/6*l**3 + 1/20*l**5 - 3*l + 0. What is h(2)?
-6
Let z(u) be the second derivative of u**3/3 - 15*u**2/2 + u. Let s(t) = 5*t - 44. Let g(h) = -3*s(h) + 8*z(h). Calculate g(-6).
6
Let t(h) = 2*h - 5. Let x = -52 + 60. Calculate t(x).
11
Let q = -8 + 12. Let b(f) = -q + 2 - f - 4*f**2 + 1. Suppose -3*p - 3 + 0 = 0. What is b(p)?
-4
Let f(o) = o**3 - 7*o**2 + 8*o - 3. Let b(c) = 2*c**3 - 15*c**2 + 17*c - 6. Let g(y) = -6*b(y) + 13*f(y). Give g(2).
5
Let c(j) = 5*j**2 - 8*j - 3. Let q(x) = -6*x**2 + 8*x + 4. Let s(m) = -7*c(m) - 6*q(m). What is s(-8)?
-3
Let x(q) = -3*q + 0*q**3 - 4*q**2 - 3*q**3 - 2 + 2*q**3. Let h = 71 + -75. Determine x(h).
10
Let s(y) = -y**3 + 8*y**2 - 8*y + 9. Let w be s(7). Let f(v) = 7 + v - 2 + 0 - w*v. Calculate f(5).
0
Let t(b) = 2*b - 5. Let n(u) = -2*u + 5. Let a(k) = 6*n(k) + 5*t(k). Give a(4).
-3
Let l(s) = 5*s**2 - 17*s + 11. Let i(y) = 2*y**2 - 8*y + 5. Let n(p) = -7*i(p) + 3*l(p). Give n(-6).
4
Let x(s) = s**2 - 2*s + 1. Let c be 5/(10/(-6)) - -7. Let j be (-77)/(-28) + 1/c. Give x(j).
4
Let c(z) = -z**2 + 4*z. Let k(m) = m. Let d(t) = -c(t) + k(t). Suppose -n = 4*n - 15. What is d(n)?
0
Let n(p) = -11*p + 14. Let r(a) = 13*a - 14. Let u(m) = 7*n(m) + 6*r(m). Determine u(-11).
3
Let i(n) be the third derivative of n**6/120 + n**5/10 + n**4/4 + 2*n**3/3 + 2*n**2. Suppose 4*l - 2*l = 0. Let o be l/1 - 5*1. What is i(o)?
-1
Let n = 34 + -33. Let g(w) = -6*w**3 + w**2. Calculate g(n).
-5
Suppose 0 = 5*m + 3 - 13. Let t(z) = -1 + 1 - 2*z + 3. Give t(m).
-1
Let a(g) = 6*g**3 + 2*g**2 - 3. Suppose 24 = -5*t + t. Let p(z) = 7*z**3 + 3*z**2 - 4. Let c(w) = t*a(w) + 5*p(w). Let y be -1*(2 - 0)*-1. What is c(y)?
2
Let f(i) = -5*i + 1. Let u(o) = -o + 16. Let w(a) = -a + 15. Let d(r) = -4*u(r) + 5*w(r). Let q be d(10). Give f(q).
-4
Let t(l) = 2*l - 1. Let i(v) = 5*v - 5. Let w(u) = -i(u) + 3*t(u). Determine w(-2).
0
Let z(b) = b**3 - b - 4. Suppose 5*h - h = 32. Suppose 7 = 5*x - h. Let l(f) = -f + 3. Let v be l(x). Calculate z(v).
-4
Let j(p) = 8*p**2 + p - 1. Suppose 0 = -4*i + 2*k + 52, 3*k - 5*k = -2*i + 22. Let q be (-18)/(-15) - 3/i. What is j(q)?
8
Let k(j) = -13 - j - 2*j + 2*j + 2. Let w be k(-6). Let i(c) = -c**3 - 5*c**2 + c + 2. Determine i(w).
-3
Let f(q) be the second derivative of q**5/120 + q**4/6 - q**3/3 + q. Let t(z) be the second derivative of f(z). Let c = -21 + 16. Determine t(c).
-1
Let k(n) = -n + 8. Let h be k(6). Let y(a) = a + 5*a**2 + 0*a + a**3 + 7 + 0*a**h. Suppose -95*j + 25 = -100*j. Determine y(j).
2
Suppose -4*g + 0*g = 4*s, -s = -g + 4. Let u(d) = g*d**3 + 30*d**2 + d**3 + 2 - 28*d**2. What is u(-2)?
-14
Let c(m) = m**2 + 3*m - 2. Let a be c(-4). Let h(q) = q - 2 - a + 2 + 9. Calculate h(-6).
1
Let g(l) = l - 1. Let a be (2/6 - 5/(-3))/(-1). Give g(a).
-3
Suppose -4*j + 6 = -3*j. Let t(h) = j*h - 2 - h**2 - 1 - 10*h. Let y = -2 - 0. Calculate t(y).
1
Let g(t) = -t**3 + 2*t**2 - 3*t + 3. Suppose 4*z = 5 - 1. Suppose -r - z = -3. What is g(r)?
-3
Let n(q) = q**2 + 1. Let o be n(2). Let m(h) be the third derivative of -h**5/60 + 5*h**4/24 - h**2. Calculate m(o).
0
Let h(j) be the third derivative of -1/30*j**5 - 1/30*j**6 + 0*j**3 + 1/24*j**4 + 0 + 0*j - 2*j**2. Calculate h(1).
-5
Let o(q) = 3*q**2 - q + 5 + q**2 - 5*q**2. What is o(-4)?
-7
Suppose y + 2 = 0, j - 4*j - 3*y = -12. Let g(v) = -v**2 + 7*v + 1. Give g(j).
7
Suppose 0 = -3*k + 2*k - 2*w + 3, -6 = -2*k - 3*w. Let p(x) = -1 + k*x + 5*x - 10*x**2 - 4*x + 11*x**2. What is p(-2)?
-5
Let k(c) be the first derivative of c**4/4 - 5*c**3/3 - 9*c**2/2 + 9*c + 48. Let h = 15 + -9. Calculate k(h).
-9
Let v(a) = 3 - 4 - 2*a**2 + 0*a**2 - 4*a**2. Let r = -2 - -2. Let n be (2/2)/(1 + r). Calculate v(n).
-7
Let q(h) = -45*h + 18*h + 25*h - 4. Give q(-6).
8
Let f(b) be the second derivative of -b**5/20 - 7*b**4/12 + b**3/6 + b**2 - 14*b. What is f(-7)?
-5
Let n(p) = 7*p + 3. Let d(r) = -r**2 - 4*r + 4. Let v be d(-3). Let j = 12 - v. Suppose 4*f - 20 = 0, 5*m - 2*f - j = -5*f. Determine n(m).
-11
Let g(o) be the third derivative of o**6/120 - o**5/12 + 5*o**4/24 - o**3/2 + o**2. Give g(4).
1
Let j(h) = h**3 + h - 2*h**3 - 4*h**3 - 5*h**3 - 1 - h**2. Determine j(1).
-11
Let y(x) = x**2 + 1. Suppose -4*z = -8*z - 8. Determine y(z).
5
Let r(s) = -7*s**2 + 2*s - 1. Let z(t) = 7*t**2 - 2*t + 1. Let a(w) = 2*r(w) + 3*z(w). Let x(c) = -c + 1. Let h be x(0). Calculate a(h).
6
Let k(q) be the third derivative of -q**8/20160 - q**7/1680 - q**6/240 + q**5/15 - q**2. Let u(b) be the third derivative of k(b). Determine u(-2).
-1
Let p(s) be the second derivative of 1/2*s**2 - 1/12*s**4 + 0*s**3 - s + 0. What is p(-3)?
-8
Let k(q) = q**3 - 3*q**2 - 2*q - 1. Let x(d) = -3*d + 5. Let m be x(5). Let h(j) = j**3 + 10*j**2 - j - 6. Let p be h(m). Determine k(p).
7
Let o be (-1)/(-9) - 4/(-18). Let p(m) be the third derivative of 0 + 0*m - o*m**3 + m**2 - 1/60*m**5 + 1/6*m**4. Determine p(4).
-2
Suppose 4*z + 10 = -m, -m + 8 = -5*z + 3*z. Let c(b) = 43 - 43 + b - b**2. Calculate c(m).
-2
Let n(w) = w + 3. Let j(o) = 1. Let k(f) = -6*j(f) - n(f). Determine k(-8).
-1
Let i(f) = 3*f**2 - 3*f - 2. Let g be i(3). Suppose 5*y - g = y. Let o(v) = v**3 - 5*v**2 + 4*v - 5. Determine o(y).
-5
Suppose 2*y - 2 = -0*y. Let d(m) = 2 - y + 2*m + 2*m - 5*m. Determine d(1).
0
Suppose 0 = -4*c + 3*y - 7, -13 = -3*c + 4*c - 3*y. Let z(i) = 4*i**3 - 5*i**3 - 4*i - 6*i**c - 2*i + i**2 - 1. Let d = 5 + -9. Determine z(d).
7
Let w(t) be the second derivative of t**3/3 - t**2 + 10*t. What is w(6)?
10
Let o(u) be the second derivative of 1/6*u**3 + 0 + 4*u + 4*u**2. Calculate o(-5).
3
Let l(a) = 3